culate the greatest common factor of m and 144.
16
Suppose 3*a - 4*b - 251 = -118, -4*a = 3*b - 244. Let k be 135/12 - 2/8. What is the greatest common divisor of a and k?
11
Let c be (3 - 8 - -244) + -2. Suppose 0 = -15*g + 123 + c. Let a(l) = l**3 + 12*l**2 + 9*l - 6. Let d be a(-9). What is the highest common divisor of d and g?
12
Suppose -5*t = 3*i - 1646 + 1229, 5*i = 3*t - 223. Calculate the greatest common divisor of t and 2.
1
Let t = -4 + 16. Suppose 5*b + 17 = t. Let d(i) = -9*i. Let r be d(b). What is the greatest common divisor of r and 2?
1
Let n = 6465 - 6375. Calculate the greatest common divisor of 306 and n.
18
Let k be (1 + (-1 - 4))*(-7)/4. Suppose -4*p = 4, p - 2*p - k = -2*n. Suppose -n*u + 52 = -8. Calculate the greatest common divisor of u and 10.
10
Let n(m) = -39*m + 3. Let z be n(2). Suppose 485 = 5*g + 24*u - 26*u, -g + 97 = -5*u. Let h = g + z. What is the highest common factor of h and 11?
11
Suppose -2*g - 4 = -3*g. Suppose 5*q - w = 27, 4*w = -q - 0*q - 3. Let i be 28*q/20 + -6. What is the greatest common factor of i and g?
1
Let n = -163 + 274. Suppose 4*l + 3*c - 29 - n = 0, 3*l - 3*c - 84 = 0. Suppose -35 = -x - l. Calculate the greatest common divisor of 9 and x.
3
Let s = 807 + -723. Suppose 102 = z - 5*y, s = z + 6*y - 2*y. Calculate the highest common factor of z and 276.
92
Let k = 41473 - 40914. Calculate the greatest common factor of 26 and k.
13
Let r be -2 + -3 + (2419 - 38). What is the highest common divisor of 54 and r?
54
Let x = -3 + 3. Suppose x = 5*o - 447 - 498. Let z(i) = -i**2 + 23*i - 21. Let q be z(21). Calculate the greatest common factor of q and o.
21
Let q be (120/9)/(235/231804). What is the greatest common factor of q and 137?
137
Let l(v) = v**3 - 10*v**2 + 14*v - 33. Let y be l(9). Suppose 10*t + y = 152. Calculate the greatest common divisor of t and 70.
14
Let l(o) = 3*o + 31. Let z be l(-9). Let i be (-1792)/70 - z/10. Let u = i + 48. What is the highest common divisor of 11 and u?
11
Let n = 1693 + -1685. Suppose -12*b + 2368 = -4*b. What is the greatest common divisor of b and n?
8
Suppose 0 = b + 9*b. Let w(x) = x**3 + 3. Let r be w(b). Suppose 32 - 2 = r*q. Calculate the greatest common factor of 4 and q.
2
Suppose 2*r = 5*m + 66, 0 = -2*r - 3*m + 21 + 29. Let q = 59 - 47. What is the greatest common factor of r and q?
4
Let g = -1970 - -1985. Suppose 0*b - 3*b + 15 = 0. What is the greatest common divisor of b and g?
5
Let d be 8/20 + 258/5. Suppose -42*x - 9 + 1335 = 9*x. Calculate the highest common factor of d and x.
26
Suppose -26*l = 61*l - 12528. Calculate the greatest common divisor of l and 306.
18
Let t = 20938 - 20584. What is the greatest common divisor of t and 90?
6
Let l = 38 - 73. Let o be 15/l + (-3 - 376/(-28)). Let u(q) = -7*q - 1. Let v be u(-1). What is the greatest common divisor of v and o?
2
Let t = 246 + -518. Let u be (t/3)/((78/(-9))/13). What is the highest common factor of u and 85?
17
Let l be (33/(-12) - -2)*-4. Suppose -l*t = -180 + 54. Let r = -695 - -723. What is the greatest common divisor of t and r?
14
Suppose 0*x - 4*x + 10 = u, x = -3*u + 8. Suppose 0 = -4*h + 2*c + 70, -5*h = -72*c + 73*c - 77. What is the highest common divisor of h and u?
2
Suppose -2 = -w, 5*b - 12*w - 25754 = -14*w. Calculate the greatest common divisor of 75 and b.
25
Let y be (-2)/(-7) + (-1676)/(-14). Suppose 253 = 6*l - 107. Suppose -47*r + l = -43*r. What is the greatest common factor of y and r?
15
Suppose -2176 = 8*y + 4784. Let n = y - -1508. Calculate the highest common factor of 58 and n.
58
Suppose 387 - 85 = 2*k. Let u = -107 + k. Suppose -6*j + 45 + 21 = 0. What is the greatest common factor of j and u?
11
Suppose 3*d = n + 15, 0 = -3*d + 7*d - 2*n - 22. Suppose -3*i = -4*i - d. Let z be (i - -2 - 2) + 10. Calculate the greatest common divisor of z and 30.
6
Let j = 120 - 121. Let o be (-3 + 42)*j*(-32)/24. What is the greatest common factor of o and 4?
4
Let o(s) = -977*s**3 - 3*s - 3. Let a(q) = 978*q**3 + 3*q + 3. Let r(x) = -4*a(x) - 3*o(x). Let z be r(-1). Calculate the highest common divisor of 9 and z.
9
Let x = -3088 + 3198. Let f = -75 - -43. Let b be (-8)/f - x/(-8). What is the highest common divisor of 14 and b?
14
Let q be 140/8 - (-2)/4. Let m = 1 - -1. Suppose m*u + 5*o = 129, 5*o = -2*u + 5*u - 231. What is the highest common factor of q and u?
18
Let f = 85 + -72. Suppose 4*z - f = -q + 19, -3*z = -6. Suppose 5*g = -o + 41, 2*g + 3*o - 11 = 8. Calculate the greatest common factor of g and q.
8
Let p be (1 + 2)/(6/42). Let n = -13482 - -13615. Calculate the highest common divisor of p and n.
7
Let y = -9503 - -13906. Calculate the highest common divisor of y and 119.
119
Suppose 3*b + 2*f = 4*f + 66, -66 = -3*b + f. Let k = -398 + 442. What is the greatest common factor of k and b?
22
Let y = -3401 + 3405. Suppose 7*c = -5*h + 2*c, -4*h = c - 12. Suppose 0 = h*z - 16 - 0. Calculate the greatest common factor of y and z.
4
Let i = 9022 + -8146. Calculate the highest common factor of i and 16.
4
Let p be (-2380)/30*(-21)/9*9/2. Calculate the highest common divisor of p and 21.
7
Suppose -b + 226 = 5*x, 2*b = 5*x - 3*b - 220. Suppose 0 = -9*u + 4*u + 120. Suppose -2*s + u = -6. What is the highest common factor of x and s?
15
Suppose -32*j = -1772 - 9844. Let t = 459 - j. Calculate the highest common factor of 40 and t.
8
Let o be 9/15 + (-4)/(-10) + -1. Let n = 31 + -21. Suppose -45*v + 40*v + n = o. Calculate the highest common divisor of 12 and v.
2
Suppose 3*c + 5*m = 4, 5*m + 4 = -2*c - 0*m. Let u be c/(-10)*65/(-26). What is the highest common factor of 15 and u?
1
Suppose 435 - 953 = -4*t + 518. Suppose 5*d = 3*l + 6 - 2, -3*l + 4*d - 5 = 0. Let a be 38 - (2 - (-3)/l). What is the highest common divisor of a and t?
37
Suppose g - 7*g = -54. Suppose -g = -2*d - 5. Let s be -1 + d + (-15)/(-3). What is the greatest common divisor of s and 18?
6
Let m be (-3 - (-114)/30)*1290. Suppose -17*b + 73 + m = 0. Let l(f) = 3*f**2 - 2*f - 3. Let z be l(-2). Calculate the highest common divisor of b and z.
13
Let r(d) = -24 + 32 + 7*d + 47 + 8. Let i be r(-5). Calculate the greatest common factor of 8 and i.
4
Suppose -3*z + 26*z + 3*z = 7098. Calculate the greatest common factor of z and 42.
21
Let y(s) = -231*s + 3087. Let f be y(12). Calculate the greatest common factor of f and 693.
63
Suppose 289 - 2733 = -47*n. Suppose 5*u + 0*u - n = -4*m, -5*u - 52 = -4*m. Calculate the highest common factor of 39 and m.
13
Let c(v) = 5*v**3 + 66*v**2 - 134*v + 1. Let p be c(2). Calculate the greatest common divisor of 2183 and p.
37
Suppose 18*p - 20*p - 2*l = -28, -3*p = 5*l - 48. Suppose 2413 = p*z - 1349. Calculate the greatest common divisor of 19 and z.
19
Suppose 0 = -12*y + 5*y + 231. Let d be ((-5)/(-5)*7 - 4) + y. What is the highest common factor of d and 36?
36
Let k(n) = n**3 + 2*n**2 - 14*n + 29. Let b be k(5). What is the greatest common factor of b and 1809?
67
Suppose -376*v = -400*v + 35568. What is the highest common divisor of v and 1560?
78
Suppose -12*m + 840 = -4*m. Suppose 0 = -6*s + 255 + m. What is the highest common divisor of s and 12?
12
Let s(g) be the second derivative of 4*g**3/3 + 56*g**2 + 72*g. Let m be s(-12). Let t be 1*-5*16/(-10). What is the greatest common divisor of m and t?
8
Suppose 0 = 4*u - 52 - 312. Suppose 0 = -3*g + 5*x + 47, -6*g - 97*x = -102*x - 89. What is the greatest common divisor of u and g?
7
Let n be 9/4 - (44/16)/11. Let p(h) = -42*h + 8 + h**n + 10 + 41*h. Let b be p(10). Calculate the greatest common divisor of 24 and b.
12
Suppose 3*m + 22*g = 17*g + 173, -5*g - 57 = -2*m. What is the greatest common factor of 5750 and m?
46
Suppose 5*k = -637 + 22. Let m = k - -150. Suppose u - 4 - 14 = 0. Calculate the greatest common factor of m and u.
9
Let v be ((-15)/10)/((-3)/3408). Calculate the greatest common factor of 144 and v.
24
Let w(b) = b**3 - 5*b**2 - 2*b + 2. Let t be w(6). Let l be -4 - 5 - 0/1. Let v be (l/3)/((-18)/156). What is the greatest common divisor of v and t?
26
Let c(y) = -284*y - 4502. Let l be c(-16). Calculate the greatest common factor of 930 and l.
6
Let b = -110 - -109. Let o be (-2 - b) + 4 - (-286)/26. What is the highest common factor of o and 8?
2
Suppose -118 